{"id":4012,"date":"2021-10-05T20:13:57","date_gmt":"2021-10-05T20:13:57","guid":{"rendered":"https:\/\/corporacionlampa.cl\/transparencia\/?page_id=4012"},"modified":"2024-05-13T16:17:17","modified_gmt":"2024-05-13T20:17:17","slug":"actos-secretos-o-reservados","status":"publish","type":"page","link":"https:\/\/corporacionlampa.cl\/transparencia\/actos-secretos-o-reservados\/","title":{"rendered":"ACTOS SECRETOS O RESERVADOS"},"content":{"rendered":"\n<div class=\"wp-block-themeisle-blocks-advanced-columns has-1-columns has-desktop-equal-layout has-tablet-equal-layout has-mobile-equal-layout has-default-gap has-vertical-unset\" id=\"wp-block-themeisle-blocks-advanced-columns-50f7f9ab\"><div class=\"wp-block-themeisle-blocks-advanced-columns-overlay\"><\/div><div class=\"innerblocks-wrap\">\n<div class=\"wp-block-themeisle-blocks-advanced-column\" id=\"wp-block-themeisle-blocks-advanced-column-33809ee8\">\n<table id=\"tablepress-53\" class=\"tablepress tablepress-id-53\">\n<thead>\n<tr class=\"row-1\">\n\t<th class=\"column-1\">Nombre\/T\u00edtulo del acto, documento o informaci\u00f3n secreto o reservado<\/th><th class=\"column-2\">Nombre\/T\u00edtulo del acto o resoluci\u00f3n en que se consta tal calificaci\u00f3n <\/th><th class=\"column-3\">Identificaci\u00f3n de la parte del acto, documento o informaci\u00f3n secreto o reservado, en caso de ser parcial<\/th><th class=\"column-4\">Fundamento legal y causal de secreto o reserva<\/th><th class=\"column-5\">Fecha de notificaci\u00f3n del acto o resoluci\u00f3n denegatoria<\/th><th class=\"column-6\">Enlace<\/th>\n<\/tr>\n<\/thead>\n<tbody class=\"row-striping row-hover\">\n<tr class=\"row-2\">\n\t<td class=\"column-1\">Los antecedentes necesarios a defensas jur\u00eddicas o judiciales salvo que todos o algunos de esos antecedentes se encuentren dentro del respectivo expediente del tribunal y que \u00e9ste sea p\u00fablico.<\/td><td class=\"column-2\">Registro de Actos y Documentos calificados como secretos o reservados<\/td><td class=\"column-3\">Toda la informaci\u00f3n<\/td><td class=\"column-4\">Ley 20.285 art\u00edculo 21 N\u00ba 1, letra a)<\/td><td class=\"column-5\">No corresponde<\/td><td class=\"column-6\"><center><a href=\"https:\/\/corporacionlampa.cl\/transparencia\/wp-content\/uploads\/2021\/10\/Registro-de-Actos-Calificados-como-Secretos-o-Reservados.pdf\" rel=\"noopener\" target=\"_blank\"><img loading=\"lazy\" decoding=\"async\" src=\"https:\/\/corporacionlampa.cl\/transparencia\/wp-content\/uploads\/2021\/04\/icopdf-150x150.png\" alt=\"\" width=\"60\" height=\"60\" class=\"aligncenter size-thumbnail wp-image-2731\" srcset=\"https:\/\/corporacionlampa.cl\/transparencia\/wp-content\/uploads\/2021\/04\/icopdf-150x150.png 150w, https:\/\/corporacionlampa.cl\/transparencia\/wp-content\/uploads\/2021\/04\/icopdf-250x250.png 250w, https:\/\/corporacionlampa.cl\/transparencia\/wp-content\/uploads\/2021\/04\/icopdf-174x174.png 174w, https:\/\/corporacionlampa.cl\/transparencia\/wp-content\/uploads\/2021\/04\/icopdf.png 256w\" sizes=\"auto, (max-width: 60px) 100vw, 60px\" \/><\/a><\/td>\n<\/tr>\n<tr class=\"row-3\">\n\t<td class=\"column-1\">Las Investigaciones sumarias y sumarios administrativos hasta que se dicte la resoluci\u00f3n que resuelva.<\/td><td class=\"column-2\">Registro de Actos y Documentos calificados como secretos o reservados<\/td><td class=\"column-3\">Toda la informaci\u00f3n<\/td><td class=\"column-4\">Ley 20.285 art\u00edculo 21 N\u00ba 1, letra a)<\/td><td class=\"column-5\">No corresponde<\/td><td class=\"column-6\"><center><a href=\"https:\/\/corporacionlampa.cl\/transparencia\/wp-content\/uploads\/2021\/10\/Registro-de-Actos-Calificados-como-Secretos-o-Reservados.pdf\" rel=\"noopener\" target=\"_blank\"><img loading=\"lazy\" decoding=\"async\" src=\"https:\/\/corporacionlampa.cl\/transparencia\/wp-content\/uploads\/2021\/04\/icopdf-150x150.png\" alt=\"\" width=\"60\" height=\"60\" class=\"aligncenter size-thumbnail wp-image-2731\" srcset=\"https:\/\/corporacionlampa.cl\/transparencia\/wp-content\/uploads\/2021\/04\/icopdf-150x150.png 150w, https:\/\/corporacionlampa.cl\/transparencia\/wp-content\/uploads\/2021\/04\/icopdf-250x250.png 250w, https:\/\/corporacionlampa.cl\/transparencia\/wp-content\/uploads\/2021\/04\/icopdf-174x174.png 174w, https:\/\/corporacionlampa.cl\/transparencia\/wp-content\/uploads\/2021\/04\/icopdf.png 256w\" sizes=\"auto, (max-width: 60px) 100vw, 60px\" \/><\/a><\/td>\n<\/tr>\n<tr class=\"row-4\">\n\t<td class=\"column-1\">Carpeta funcionaria en materias estrictamente referidas a la vida<br \/>\nprivada del funcionario, su salud, su seguridad y sus derechos de car\u00e1cter comercial o econ\u00f3mico, salvo excepciones legales.<\/td><td class=\"column-2\">Registro de Actos y Documentos calificados como secretos o reservados<\/td><td class=\"column-3\">Toda la informaci\u00f3n<\/td><td class=\"column-4\">Ley 20.285 art\u00edculo 21 N\u00ba 2<\/td><td class=\"column-5\">No corresponde<\/td><td class=\"column-6\"><center><a href=\"https:\/\/corporacionlampa.cl\/transparencia\/wp-content\/uploads\/2021\/10\/Registro-de-Actos-Calificados-como-Secretos-o-Reservados.pdf\" rel=\"noopener\" target=\"_blank\"><img loading=\"lazy\" decoding=\"async\" src=\"https:\/\/corporacionlampa.cl\/transparencia\/wp-content\/uploads\/2021\/04\/icopdf-150x150.png\" alt=\"\" width=\"60\" height=\"60\" class=\"aligncenter size-thumbnail wp-image-2731\" srcset=\"https:\/\/corporacionlampa.cl\/transparencia\/wp-content\/uploads\/2021\/04\/icopdf-150x150.png 150w, https:\/\/corporacionlampa.cl\/transparencia\/wp-content\/uploads\/2021\/04\/icopdf-250x250.png 250w, https:\/\/corporacionlampa.cl\/transparencia\/wp-content\/uploads\/2021\/04\/icopdf-174x174.png 174w, https:\/\/corporacionlampa.cl\/transparencia\/wp-content\/uploads\/2021\/04\/icopdf.png 256w\" sizes=\"auto, (max-width: 60px) 100vw, 60px\" \/><\/a><\/td>\n<\/tr>\n<tr class=\"row-5\">\n\t<td class=\"column-1\">Antecedentes<br \/>\nsociales de los estudiantes y funcionarios (ingreso de<br \/>\nlas familias, \u00edndice de vulnerabilidad de derecho,<br \/>\notros).<\/td><td class=\"column-2\">Registro de Actos y Documentos calificados como secretos o reservados<\/td><td class=\"column-3\">Toda la informaci\u00f3n<\/td><td class=\"column-4\">Ley 20.285 art\u00edculo 21 N\u00ba 2<\/td><td class=\"column-5\">No corresponde<\/td><td class=\"column-6\"><center><a href=\"https:\/\/corporacionlampa.cl\/transparencia\/wp-content\/uploads\/2021\/10\/Registro-de-Actos-Calificados-como-Secretos-o-Reservados.pdf\" rel=\"noopener\" target=\"_blank\"><img loading=\"lazy\" decoding=\"async\" src=\"https:\/\/corporacionlampa.cl\/transparencia\/wp-content\/uploads\/2021\/04\/icopdf-150x150.png\" alt=\"\" width=\"60\" height=\"60\" class=\"aligncenter size-thumbnail wp-image-2731\" srcset=\"https:\/\/corporacionlampa.cl\/transparencia\/wp-content\/uploads\/2021\/04\/icopdf-150x150.png 150w, https:\/\/corporacionlampa.cl\/transparencia\/wp-content\/uploads\/2021\/04\/icopdf-250x250.png 250w, https:\/\/corporacionlampa.cl\/transparencia\/wp-content\/uploads\/2021\/04\/icopdf-174x174.png 174w, https:\/\/corporacionlampa.cl\/transparencia\/wp-content\/uploads\/2021\/04\/icopdf.png 256w\" sizes=\"auto, (max-width: 60px) 100vw, 60px\" \/><\/a><\/td>\n<\/tr>\n<tr class=\"row-6\">\n\t<td class=\"column-1\">Fichas cl\u00ednicas de atenci\u00f3n a pacientes en consultorios administrados por la Corporaci\u00f3n.<\/td><td class=\"column-2\">Registro de Actos y Documentos calificados como secretos o reservados<\/td><td class=\"column-3\">Toda la informaci\u00f3n<\/td><td class=\"column-4\">Ley 20.285 art\u00edculo 21 N\u00ba 2<\/td><td class=\"column-5\">No corresponde<\/td><td class=\"column-6\"><center><a href=\"https:\/\/corporacionlampa.cl\/transparencia\/wp-content\/uploads\/2021\/10\/Registro-de-Actos-Calificados-como-Secretos-o-Reservados.pdf\" rel=\"noopener\" target=\"_blank\"><img loading=\"lazy\" decoding=\"async\" src=\"https:\/\/corporacionlampa.cl\/transparencia\/wp-content\/uploads\/2021\/04\/icopdf-150x150.png\" alt=\"\" width=\"60\" height=\"60\" class=\"aligncenter size-thumbnail wp-image-2731\" srcset=\"https:\/\/corporacionlampa.cl\/transparencia\/wp-content\/uploads\/2021\/04\/icopdf-150x150.png 150w, https:\/\/corporacionlampa.cl\/transparencia\/wp-content\/uploads\/2021\/04\/icopdf-250x250.png 250w, https:\/\/corporacionlampa.cl\/transparencia\/wp-content\/uploads\/2021\/04\/icopdf-174x174.png 174w, https:\/\/corporacionlampa.cl\/transparencia\/wp-content\/uploads\/2021\/04\/icopdf.png 256w\" sizes=\"auto, (max-width: 60px) 100vw, 60px\" \/><\/a><\/td>\n<\/tr>\n<\/tbody>\n<\/table>\n\n<\/div>\n<\/div><\/div>\n","protected":false},"excerpt":{"rendered":"","protected":false},"author":1,"featured_media":0,"parent":0,"menu_order":0,"comment_status":"closed","ping_status":"closed","template":"","meta":{"_eb_attr":"","_themeisle_gutenberg_block_has_review":false,"footnotes":""},"class_list":["post-4012","page","type-page","status-publish","hentry"],"_links":{"self":[{"href":"https:\/\/corporacionlampa.cl\/transparencia\/wp-json\/wp\/v2\/pages\/4012","targetHints":{"allow":["GET"]}}],"collection":[{"href":"https:\/\/corporacionlampa.cl\/transparencia\/wp-json\/wp\/v2\/pages"}],"about":[{"href":"https:\/\/corporacionlampa.cl\/transparencia\/wp-json\/wp\/v2\/types\/page"}],"author":[{"embeddable":true,"href":"https:\/\/corporacionlampa.cl\/transparencia\/wp-json\/wp\/v2\/users\/1"}],"replies":[{"embeddable":true,"href":"https:\/\/corporacionlampa.cl\/transparencia\/wp-json\/wp\/v2\/comments?post=4012"}],"version-history":[{"count":2,"href":"https:\/\/corporacionlampa.cl\/transparencia\/wp-json\/wp\/v2\/pages\/4012\/revisions"}],"predecessor-version":[{"id":4015,"href":"https:\/\/corporacionlampa.cl\/transparencia\/wp-json\/wp\/v2\/pages\/4012\/revisions\/4015"}],"wp:attachment":[{"href":"https:\/\/corporacionlampa.cl\/transparencia\/wp-json\/wp\/v2\/media?parent=4012"}],"curies":[{"name":"wp","href":"https:\/\/api.w.org\/{rel}","templated":true}]}}